e factors of o(-3).
2, 71
Suppose 12*j = 17*j. List the prime factors of j - 9/(54/808)*-3.
2, 101
Suppose 29*v + 77*v = 2197804. What are the prime factors of v?
2, 7, 1481
Suppose 8 = -2*a, -s - 2*a = -a - 589. Let m = s + -331. List the prime factors of m.
2, 131
Let k(p) = -p**3 + 13*p**2 + 16*p - 21. Let m be k(14). Suppose 16*y - 27 = m*y. List the prime factors of (15/y + -10)*(0 + -1).
5
Suppose 36*i = -4*n + 41*i - 7, -2*i - 2 = 0. List the prime factors of 1/15*n - 6784/(-20).
3, 113
Suppose 0 = -2437*c + 2459*c - 990154. List the prime factors of c.
45007
Let w = -1395 + 2362. Let r = -546 + w. List the prime factors of r.
421
List the prime factors of ((-54)/30)/(7/(-29967)*(-15)/(-25)).
3, 1427
Let s = -46 - -34. Let m be s/(1 - 5) - (-12)/3. List the prime factors of (-3*14/(-18))/(m/882).
2, 3, 7
Suppose 0 = q - 5*t + 1241, -4*q + 0*q - 2*t = 5074. Let b = 2450 + q. What are the prime factors of b?
2, 37
Let l(x) = 5*x + 5. Let u be l(4). Suppose -32 = o - 15. Let v = u + o. List the prime factors of v.
2
Suppose 12345 + 10531 = 3*a - v, -a - 5*v + 7604 = 0. List the prime factors of a.
2, 953
Let b(o) = o**3 - 6*o**2 - 8*o + 9. Let p be b(7). Let l be (-5)/(-20)*0/p. Suppose l = 12*m - 30 - 114. List the prime factors of m.
2, 3
Let h(k) = -k**3 + 10*k**2 - 82. Let t(y) = 2*y**3 - 21*y**2 + y + 165. Let z(a) = 7*h(a) + 4*t(a). List the prime factors of z(16).
2, 331
Suppose 3189*t = 3170*t + 132145. What are the prime factors of t?
5, 13, 107
Let v be (-6)/5*25520/(-24). What are the prime factors of 162/(-4)*v/(-33)?
2, 3, 29
Let y be 39/(-78) + 11394/4. Suppose 0 = -7*t + 610 + y. List the prime factors of t.
2, 13, 19
Let h be 3/(6/(-4))*-1. Let k(l) = 3*l**3 - 10*l**2 - 10*l - 2. Let c be k(4). What are the prime factors of ((-248)/c)/(h/5)?
2, 31
Suppose -5*k = -5*m - 37935, -3*k + 4*m + 4462 = -18297. What are the prime factors of k?
7589
Suppose 573*n + 5*x = 575*n - 109751, 0 = -n + x + 54868. What are the prime factors of n?
83, 661
Let c = 86 - 117. Let t = -13 - c. What are the prime factors of (-2 - (-148)/12)*t?
2, 3, 31
Suppose -110*q + 76*q + 58888 = 0. What are the prime factors of q?
2, 433
Let b = 86 + -59. Let w = -140 + b. Let y = w - -385. What are the prime factors of y?
2, 17
Let o be (360 + 1 + -2 + -1)*5. Suppose 20*r - 22*r = -o. What are the prime factors of r?
5, 179
Let m = -769 + 773. Let w = 20 + 35. Suppose -97 = -m*z + w. List the prime factors of z.
2, 19
List the prime factors of -1 + (-342232)/(-14) - (-200)/(-1400).
2, 3, 7, 97
Let c(z) = z**3 - 73*z**2 + 126*z - 445. What are the prime factors of c(74)?
3, 5, 11, 29
What are the prime factors of (-39379145)/(-930) + 76/(-24) + 3*1?
7, 23, 263
Let n be (2/(-4))/(2/(-352)). Let l be (-65)/(-10) - 6 - (-245)/2. Let i = l - n. List the prime factors of i.
5, 7
Let b = 69 - 64. Suppose -2*c - 35 = b*c. What are the prime factors of 158/2 + (c - (-4 + -1))?
79
Let g be (-2 + (7 - 4))*(2 - 3). Let m be (-12 - 4/g)/2. List the prime factors of 6*m/(-8) + 40.
43
Suppose 2499399 = 44*s + 58*s - 5*s. What are the prime factors of s?
3, 7, 409
Suppose -3*z + 7*z - 53404 = -4*f, 0 = 5*z - 35. What are the prime factors of f?
2, 3, 139
Let l(o) = -o**3 - 8*o**2 + 15*o + 27. Let w be l(-9). List the prime factors of w/(4 - (825/(-18))/(-11)).
2, 3
Suppose -3*k - 15*v + 16*v + 91175 = 0, -4*k - 5*v + 121516 = 0. What are the prime factors of k?
30389
Let q = -61 + 66. Let h be ((-3)/(12/(-8)) - q)*-8. Let y = h - -27. What are the prime factors of y?
3, 17
Suppose -6 = 3*h - 6. Let s(o) = 6*o - 2*o - 1 + h - 16. List the prime factors of s(7).
11
Suppose -m = -4*k - 33, -5*k + 4*k = -m + 30. Suppose -5496 = -m*y + 17*y. List the prime factors of y.
2, 229
Let j(f) = -6820*f - 2046. What are the prime factors of j(-5)?
2, 11, 31, 47
Suppose 0 = 28*n - 27*n - 55. What are the prime factors of 33/n - (-13496)/40?
2, 13
Suppose -u + 21*u = -240. What are the prime factors of (6 + (u - 1))/(4/(-472))?
2, 7, 59
Suppose n = -4*m + 12, 0 = -m - 2*n + 6 + 4. Let g(v) = -v**m - 17*v - 7 + 1 - 2*v. What are the prime factors of g(-8)?
2, 41
Suppose 4 = -2*u, 0*w - 5*u = -5*w - 390. Let t = w - -240. What are the prime factors of t?
2, 5
Let o = -2211 + 11904. List the prime factors of o.
3, 359
What are the prime factors of (-508)/6*(412301/(-790) + 8/(-5))?
127, 349
Suppose 6*a = -3*d + 60303, -26*d + 20089 = -25*d + 5*a. What are the prime factors of d?
3, 6703
Let k(i) = 3089*i - 7048. List the prime factors of k(10).
2, 7, 13, 131
Let g be 2/13 + 76*3/39. Suppose 21 = -5*f + g. What are the prime factors of 1/(2/212) + f?
103
Let j(c) = c**2 - 16*c - 4. Let s(a) = -a**3 - 24*a**2 + 52*a - 7. Let r be s(-26). What are the prime factors of j(r)?
157
Let q(h) = h**2 + 8*h + 42. Let i be q(-4). What are the prime factors of (15 + -37)/((-4)/i)?
11, 13
Suppose 2*o - 2*m = -3*m + 5, -o = 2*m + 2. Let u be 6/4*(-40)/(-15). Suppose -o*s - 241 - 29 = -2*q, u*q - 4*s = 556. What are the prime factors of q?
11, 13
Suppose 4*u = -4*c - c - 161, -4*u - 4*c - 160 = 0. Let t = u + 39. What are the prime factors of (6/9 - (-363)/9) + t?
41
Let a(m) = 19*m**3 + 8*m**2 - 5*m - 201. What are the prime factors of a(11)?
3, 107
Let b(x) = -2484*x - 64. Let r be b(-6). Suppose -4*k = 24*k - r. List the prime factors of k.
2, 5, 53
Let m(y) = 4*y**3 - 23*y**2 + 34*y - 46. What are the prime factors of m(11)?
19, 151
Let j(x) = -17*x - 202. Let l be (-4)/10*(3 + (-896)/(-8)). List the prime factors of j(l).
2, 5, 29
Suppose 4*n - 174 - 444 = -2*o, 5*n - 780 = -o. List the prime factors of n.
157
Let h(b) = -b - 3. Let v be h(-3). Let j be -1*(-15)/(-3 + v). What are the prime factors of (-1 + 2)/(j/(-95))?
19
Suppose 5*t = 3*o - o - 30, 4*o + 44 = -3*t. List the prime factors of 3726/42 + -5 - t/28.
2, 3, 7
Let s be (-6)/4*8/(-6). Let x(t) = 5217 + 6*t**2 - t**2 - 5220. What are the prime factors of x(s)?
17
List the prime factors of (-18910)/(-4) - (99/18 + -6).
2, 3, 197
Let s be (4/(-7))/(18/(-63)). List the prime factors of s + 8/(-6) - (-635)/15.
43
Let t be -6*(-4)/(-10)*(-5)/4. Suppose 2*i - t*i + 206 = 0. What are the prime factors of i?
2, 103
Suppose 2*i + 2*i = -3*t - 3, 2*i = -6. Let p(l) = -l + 18*l**3 + 3*l**2 + 25*l**t - 3 - 50*l**3. What are the prime factors of p(-2)?
67
Let f = 13274 + -6240. List the prime factors of f.
2, 3517
Let g(w) = -w**2 + 2*w - 9. Let b be g(-7). Let v = -48 - b. List the prime factors of (v/(-5))/((-1)/25).
2, 3, 5
Suppose 2*t + 4*r + 52 = 0, -2*t - 3*t - r - 85 = 0. Let q = 53 + t. Let y = q - -39. List the prime factors of y.
2, 19
Suppose -5*s = -7*s - 18. Let k be (18/(-8))/(s/(-24)). List the prime factors of (-628)/(-6) - 2/k.
3, 5, 7
Suppose 2*w = w + 1. Let s be w/((-40)/15 + 2 + 1). Suppose s*o + 2*o - 20 = 0, -i - o + 109 = 0. List the prime factors of i.
3, 5, 7
Let g(h) be the third derivative of h**5/30 - 11*h**4/24 + 69*h**3/2 + 3*h**2 + 35*h. What are the prime factors of g(21)?
2, 3, 11, 13
List the prime factors of (-666)/12*((-4532)/(-33))/((-4)/14).
7, 37, 103
Suppose 6*r + 0*r - 18 = 0. Suppose 6 + 1 = -4*a + n, n = 2*a + r. Let u = a + 58. List the prime factors of u.
2, 7
Let a(v) = 95*v**2 - 520*v + 5157. What are the prime factors of a(10)?
7, 193
Let t(z) = 6*z**2 + 4*z + 4. Let f be t(-1). Suppose f*a - 1372 - 314 = 0. What are the prime factors of a?
281
Let u = -149 + 155. Let n(g) = -31*g - 6. Let t(r) = -10*r - 2. Let h(k) = -3*n(k) + 8*t(k). What are the prime factors of h(u)?
2, 5
Suppose -37*i = -33*i - 44. Suppose 7134 = i*t + 2063. List the prime factors of t.
461
Suppose 4*f + 2*u - 21 = 1, 14 = 3*f - u. Let b(a) be the third derivative of 23*a**4/24 + a**3/2 + 156*a**2 + 1. What are the prime factors of b(f)?
2, 59
Let c = -53642 + 82189. List the prime factors of c.
28547
List the prime factors of 7748 - ((-3)/(6/20))/2.
7753
Let s(j) = -2*j + 9. Let t be s(2). Suppose 10*f - t*f = -210. What are the prime factors of ((-2)/((-2)/(-7)))/(2/f)?
3, 7
Let k(b) = -b + 462. Let z be k(0). Let u = 7944 + -7942. Suppose -p = m - 111, u*m + z = p + 3*p. List the prime factors of p.
2, 3, 19
Suppose -12*q = -6*q - 11520. Suppose 0 = -6*b - 2*b + q. Suppose -4*n + b = -3*n. What are the prime factors of n?
2, 3